{"id":4688,"date":"2024-08-08T18:15:29","date_gmt":"2024-08-08T18:15:29","guid":{"rendered":"https:\/\/www.fletxstore.com\/?post_type=product&#038;p=4688"},"modified":"2024-08-08T18:16:17","modified_gmt":"2024-08-08T18:16:17","slug":"maxter-15w40-progresa-api-ci-4-plus-ct-260-gl","status":"publish","type":"product","link":"https:\/\/www.fletxstore.com\/index.php\/producto\/maxter-15w40-progresa-api-ci-4-plus-ct-260-gl\/","title":{"rendered":"MAXTER 15W40 PROGRESA API CI-4 PLUS CT 260 GL"},"content":{"rendered":"<p>Nivel de calidad: Satisface los requerimientos de fabricantes de motores: API CI-4<br \/>\nPLUS, CI-4, API SL; ACEA E7-16, E2-96, CAT ECF-1A, CAT ECF-2, Cummins 20078, Volvo VDS-3, Daimler Benz MB 228.3, Detroit Diesel DDC 93K214, Global DHD-1, Mack EO-N PP03, MAN 3275-1, MTU Type 2, Deutz DOC-III-05 and Renault RLD-3.<\/p>\n","protected":false},"excerpt":{"rendered":"<p>\u203a Tecnologia desarrollada para las exigentes condiciones de trabajo pesado en motores diesel de cuatro tiempos.<br \/>\n&gt; Veh\u00edculos con sistema de recirculaci\u00f3n de gases de escape (EGR).<br \/>\n&gt; Efectivo control de holl\u00edn.<br \/>\n&gt; Desarrollado bajo c\u00f3digo de pr\u00e1cticas de los fabricantes de aditivos<br \/>\n&gt; Satisface con las m\u00e1s estrictas pruebas de motores, basado en requerimientos de los fabricantes de equipos originales (OEM&#8217;s).<br \/>\n&gt; Excepcional desempe\u00f1o en las m\u00e1s duras condiciones de operaci\u00f3n.<\/p>\n","protected":false},"featured_media":4677,"comment_status":"open","ping_status":"closed","template":"","meta":[],"product_cat":[190,264,241,247],"product_tag":[],"class_list":["post-4688","product","type-product","status-publish","has-post-thumbnail","hentry","product_cat-15w-40","product_cat-isotanque","product_cat-maxter","product_cat-mineral"],"jetpack_sharing_enabled":true,"_links":{"self":[{"href":"https:\/\/www.fletxstore.com\/index.php\/wp-json\/wp\/v2\/product\/4688","targetHints":{"allow":["GET"]}}],"collection":[{"href":"https:\/\/www.fletxstore.com\/index.php\/wp-json\/wp\/v2\/product"}],"about":[{"href":"https:\/\/www.fletxstore.com\/index.php\/wp-json\/wp\/v2\/types\/product"}],"replies":[{"embeddable":true,"href":"https:\/\/www.fletxstore.com\/index.php\/wp-json\/wp\/v2\/comments?post=4688"}],"version-history":[{"count":1,"href":"https:\/\/www.fletxstore.com\/index.php\/wp-json\/wp\/v2\/product\/4688\/revisions"}],"predecessor-version":[{"id":4689,"href":"https:\/\/www.fletxstore.com\/index.php\/wp-json\/wp\/v2\/product\/4688\/revisions\/4689"}],"wp:featuredmedia":[{"embeddable":true,"href":"https:\/\/www.fletxstore.com\/index.php\/wp-json\/wp\/v2\/media\/4677"}],"wp:attachment":[{"href":"https:\/\/www.fletxstore.com\/index.php\/wp-json\/wp\/v2\/media?parent=4688"}],"wp:term":[{"taxonomy":"product_cat","embeddable":true,"href":"https:\/\/www.fletxstore.com\/index.php\/wp-json\/wp\/v2\/product_cat?post=4688"},{"taxonomy":"product_tag","embeddable":true,"href":"https:\/\/www.fletxstore.com\/index.php\/wp-json\/wp\/v2\/product_tag?post=4688"}],"curies":[{"name":"wp","href":"https:\/\/api.w.org\/{rel}","templated":true}]}}