{"id":4154,"date":"2024-07-07T16:04:48","date_gmt":"2024-07-07T16:04:48","guid":{"rendered":"https:\/\/www.fletxstore.com\/?post_type=product&#038;p=4154"},"modified":"2024-07-07T16:04:49","modified_gmt":"2024-07-07T16:04:49","slug":"bloque-mc-block","status":"publish","type":"product","link":"https:\/\/www.fletxstore.com\/index.php\/producto\/bloque-mc-block\/","title":{"rendered":"BLOQUE MC BLOCK"},"content":{"rendered":"","protected":false},"excerpt":{"rendered":"<ul class=\"list-normal\">\n<li>Duraci\u00f3n excepcional<\/li>\n<li>Menor frecuencia en el cambio de frenos<\/li>\n<li>Formulaci\u00f3n cer\u00e1mica con Kevlar\u00ae<\/li>\n<li>Dise\u00f1ado especialmente para veh\u00edculos de carga que transitan rutas exigentes o en condiciones extremas de operaci\u00f3n<\/li>\n<\/ul>\n","protected":false},"featured_media":4155,"comment_status":"open","ping_status":"closed","template":"","meta":[],"product_cat":[16],"product_tag":[],"class_list":["post-4154","product","type-product","status-publish","has-post-thumbnail","hentry","product_cat-autopartes"],"jetpack_sharing_enabled":true,"_links":{"self":[{"href":"https:\/\/www.fletxstore.com\/index.php\/wp-json\/wp\/v2\/product\/4154","targetHints":{"allow":["GET"]}}],"collection":[{"href":"https:\/\/www.fletxstore.com\/index.php\/wp-json\/wp\/v2\/product"}],"about":[{"href":"https:\/\/www.fletxstore.com\/index.php\/wp-json\/wp\/v2\/types\/product"}],"replies":[{"embeddable":true,"href":"https:\/\/www.fletxstore.com\/index.php\/wp-json\/wp\/v2\/comments?post=4154"}],"version-history":[{"count":1,"href":"https:\/\/www.fletxstore.com\/index.php\/wp-json\/wp\/v2\/product\/4154\/revisions"}],"predecessor-version":[{"id":4156,"href":"https:\/\/www.fletxstore.com\/index.php\/wp-json\/wp\/v2\/product\/4154\/revisions\/4156"}],"wp:featuredmedia":[{"embeddable":true,"href":"https:\/\/www.fletxstore.com\/index.php\/wp-json\/wp\/v2\/media\/4155"}],"wp:attachment":[{"href":"https:\/\/www.fletxstore.com\/index.php\/wp-json\/wp\/v2\/media?parent=4154"}],"wp:term":[{"taxonomy":"product_cat","embeddable":true,"href":"https:\/\/www.fletxstore.com\/index.php\/wp-json\/wp\/v2\/product_cat?post=4154"},{"taxonomy":"product_tag","embeddable":true,"href":"https:\/\/www.fletxstore.com\/index.php\/wp-json\/wp\/v2\/product_tag?post=4154"}],"curies":[{"name":"wp","href":"https:\/\/api.w.org\/{rel}","templated":true}]}}