{"id":3149,"date":"2023-12-15T23:56:12","date_gmt":"2023-12-15T23:56:12","guid":{"rendered":"https:\/\/tienda.fletx.co\/?post_type=product&#038;p=3149"},"modified":"2024-06-17T20:21:50","modified_gmt":"2024-06-17T20:21:50","slug":"m-delvac-1-esp-5w-40-pail-18-9l-5usg","status":"publish","type":"product","link":"https:\/\/www.fletxstore.com\/index.php\/producto\/m-delvac-1-esp-5w-40-pail-18-9l-5usg\/","title":{"rendered":"Mobil Delvac 1\u2122 ESP 5W-40"},"content":{"rendered":"<div class=\"row\">\n<div class=\"col-12 breakpoints bp-xs bp-sm bp-md bp-lg bp-xl bp-max-xl\">\n<div class=\"special-screen-title clearfix\">\n<div class=\"special-screen-title-text\">\n<div class=\"row\">\n<div class=\"col-12 breakpoints bp-xs bp-sm bp-md bp-lg bp-xl bp-max-xl\">\n<div class=\"special-screen-title clearfix\">\n<div class=\"special-screen-title-text\">\n<div class=\"row\">\n<div class=\"col-12 breakpoints bp-xs bp-sm bp-md bp-lg bp-xl bp-max-xl\">\n<div class=\"special-screen-title clearfix\">\n<div class=\"special-screen-title-text\">\n<h1>Mobil Delvac 1\u2122 ESP 5W-40<\/h1>\n<div id=\"content\" class=\"body-content container-fluid\">\n<div class=\"row\">\n<div class=\"col-12 breakpoints bp-xs bp-sm bp-md bp-lg bp-xl bp-max-xl\">\n<div class=\"component Pds\" data-cmpvariant=\"PDS|\">\n<div id=\"divSubTitle\" class=\"row\">\n<div class=\"col-12 breakpoints bp-xs bp-sm bp-md bp-lg bp-xl bp-max-xl\">Aceite para motores di\u00e9sel de bajo contenido de cenizas con una avanzada f\u00f3rmula sint\u00e9tica de alto rendimiento<\/div>\n<\/div>\n<div id=\"divPDSContent\" class=\"row\">\n<div class=\"col-12 breakpoints bp-xs bp-sm bp-md bp-lg bp-xl bp-max-xl\">\n<h2>Descripci\u00f3n del producto<\/h2>\n<p>Mobil Delvac 1\u2122 ESP 5W-40 es un avanzado aceite sint\u00e9tico para la lubricaci\u00f3n de motores di\u00e9sel de servicio pesado que ayuda a prolongar la vida \u00fatil de los motores a la vez que brinda la posibilidad de largos intervalos entre cambios de aceite\u00b9 y una posible econom\u00eda de combustible\u00b2 en motores di\u00e9sel modernos con la m\u00e1s reciente tecnolog\u00eda que funcionan en aplicaciones severas. Este producto est\u00e1 formulado para ofrecer un desempe\u00f1o excepcional en motores modernos y m\u00e1s antiguos que trabajan duro, incluyendo aquellos con sistemas de control de emisiones. Mobil Delvac 1 ESP 5W-40 est\u00e1 recomendado para usarse en una amplia gama de aplicaciones y ambientes operativos de servicio pesado que se encuentran en el transporte en carretera y fuera de carretera en industrias de miner\u00eda, silvicultura, construcci\u00f3n y agricultura.<\/p>\n<p>&nbsp;<\/p>\n<p>El destacado desempe\u00f1o de Mobil Delvac 1 ESP 5W-40 es el resultado del extenso trabajo de desarrollo cooperativo de ExxonMobil con los principales fabricantes de equipo y la aplicaci\u00f3n de la m\u00e1s reciente tecnolog\u00eda de lubricaci\u00f3n. Como resultado, este producto cumple o supera los requisitos de las m\u00e1s recientes especificaciones industriales API y ACEA para aceites de motores di\u00e9sel, as\u00ed como los requisitos de muchos fabricantes importantes de motores americanos y europeos.<\/p>\n<p>&nbsp;<\/p>\n<p>\u00b9 Para conocer los requisitos de la aplicaci\u00f3n y los intervalos entre cambios de aceite para su veh\u00edculo o equipo recomendados por el fabricante del motor, consulte el manual del propietario<\/p>\n<p>\u00b2 Comparado con un aceite de motor SAE 15W-40. Los ahorros reales dependen del tipo de motor del veh\u00edculo, la temperatura en el exterior, las condiciones de manejo y la viscosidad de su actual aceite de motor.<\/p>\n<p>&nbsp;<\/p>\n<h2>Propiedades y beneficios<\/h2>\n<p>Mobil Delvac 1\u2122 ESP 5W-40 es una excelente soluci\u00f3n lubricante para las modernas y m\u00e1s recientes tecnolog\u00edas de motores equipadas con post-tratamiento de emisiones. Fue desarrollado por ExxonMobil para mantener una insuperable estabilidad a la oxidaci\u00f3n\u00b3, al mismo tiempo que proporciona una excepcional fluidez y facilidad de bombeo a baja temperatura para un arranque suave en condiciones fr\u00edas hasta -35 \u00b0 C. Esta caracter\u00edstica, combinada con el sofisticado sistema de aditivos, garantiza un desempe\u00f1o excepcional en cuanto al desgaste y apoya una larga vida del motor. La formulaci\u00f3n de bajo contenido de cenizas protege al mismo tiempo todos los dispositivos de postratamiento de gases de escape para mantener los requisitos de aire m\u00e1s limpio. El avanzado desempe\u00f1o de limpieza del motor previene los dep\u00f3sitos y mantiene al motor funcionando como nuevo para una larga y eficiente vida.<\/p>\n<p>&nbsp;<\/p>\n<p>*Basado en datos PC-11 de pruebas de la industria<\/p>\n<p>&nbsp;<\/p>\n<div class=\"table-responsive\">\n<table class=\"table table-striped\">\n<tbody>\n<tr>\n<td><strong>Propiedades<\/strong><\/td>\n<td><strong>Ventajas y beneficios potenciales<\/strong><\/td>\n<\/tr>\n<tr>\n<td>Excelente facilidad de bombeo a baja temperatura<\/td>\n<td>Confiable arranque del motor y protecci\u00f3n contra el desgaste a bajas temperaturas<\/td>\n<\/tr>\n<tr>\n<td>Avanzada protecci\u00f3n contra el desgaste<\/td>\n<td>Menor desgaste del motor que promueve una larga vida<\/td>\n<\/tr>\n<tr>\n<td>Insuperable estabilidad a la oxidaci\u00f3n\u00b3<\/td>\n<td>Largos intervalos entre cambios de aceite y prevenci\u00f3n de dep\u00f3sitos<\/td>\n<\/tr>\n<tr>\n<td>Excelente resistencia a la corrosi\u00f3n<\/td>\n<td>Protecci\u00f3n de las superficies cr\u00edticas del motor en ambientes h\u00famedos<\/td>\n<\/tr>\n<\/tbody>\n<\/table>\n<\/div>\n<p>&nbsp;<\/p>\n<h2>Aplicaciones<\/h2>\n<p>Recomendado por ExxonMobil para su uso en:<\/p>\n<p>\u2022\u00a0 La mayor\u00eda de las generaciones de motores hasta los m\u00e1s recientes y m\u00e1s sofisticados motores di\u00e9sel de alto rendimiento con turbocargador, inyecci\u00f3n directa y dise\u00f1os de bajas emisiones, equipados con todo tipo de tecnolog\u00edas de postratamiento de los gases de escape<\/p>\n<p>\u2022\u00a0 Motores de carretera que funcionan tanto a altas velocidades\/altas cargas como en condiciones de paradas y arranques continuos<\/p>\n<p>\u2022\u00a0 Motores fuera de carretera que operan bajo condiciones severas de baja velocidad\/altas cargas<\/p>\n<p>\u2022\u00a0 La mayor\u00eda de los equipos accionados por motores di\u00e9sel de fabricantes tanto americanos como europeos<\/p>\n<p>\u2022\u00a0 Motores de gasolina de alto desempe\u00f1o y flotas mixtas<\/p>\n<p>\u2022\u00a0 Unidades de refrigeraci\u00f3n<\/p>\n<p>&nbsp;<\/p>\n<p>Para conocer los requisitos de la aplicaci\u00f3n y los intervalos entre cambios de aceite para su veh\u00edculo o equipo recomendados por el fabricante del motor, consulte el manual del propietario<\/p>\n<p>&nbsp;<\/p>\n<p>\u00b2 Comparado con un aceite de motor SAE 15W-40. Los ahorros reales dependen del tipo de motor del veh\u00edculo, la temperatura en el exterior, las condiciones de manejo y la viscosidad de su actual aceite de motor.<\/p>\n<p>&nbsp;<\/p>\n<p>\u00b3 Basado en datos PC-11 de pruebas de la industria<\/p>\n<p>&nbsp;<\/p>\n<h2>Especificaciones y aprobaciones<\/h2>\n<div class=\"table-responsive\">\n<table class=\"table table-striped\">\n<tbody>\n<tr>\n<td><strong>Este producto cuenta con las siguientes aprobaciones:<\/strong><\/td>\n<\/tr>\n<tr>\n<td>Especificaci\u00f3n de Detroit Fluids 93K218<\/td>\n<\/tr>\n<tr>\n<td>Especificaci\u00f3n de fluidos 93K222 de Detroit<\/td>\n<\/tr>\n<tr>\n<td>MACK EOS-4.5<\/td>\n<\/tr>\n<tr>\n<td>Aprobaci\u00f3n MB 228.31<\/td>\n<\/tr>\n<tr>\n<td>Categor\u00eda MTU de aceite 2.1<\/td>\n<\/tr>\n<tr>\n<td>VOLVO VDS-4.5<\/td>\n<\/tr>\n<tr>\n<td>CAMIONES RENAULT RLD-3<\/td>\n<\/tr>\n<\/tbody>\n<\/table>\n<\/div>\n<p>&nbsp;<\/p>\n<div class=\"table-responsive\">\n<table class=\"table table-striped\">\n<tbody>\n<tr>\n<td><strong>Este producto cumple o excede los requisitos de:<\/strong><\/td>\n<\/tr>\n<tr>\n<td>API CK-4<\/td>\n<\/tr>\n<tr>\n<td>API CJ-4<\/td>\n<\/tr>\n<tr>\n<td>API CI-4 PLUS<\/td>\n<\/tr>\n<tr>\n<td>API CI-4<\/td>\n<\/tr>\n<tr>\n<td>API CH-4<\/td>\n<\/tr>\n<tr>\n<td>API SM<\/td>\n<\/tr>\n<tr>\n<td>API SN<\/td>\n<\/tr>\n<tr>\n<td>JASO DH-2<\/td>\n<\/tr>\n<tr>\n<td>Caterpillar ECF-3<\/td>\n<\/tr>\n<tr>\n<td>Cummins CES 20081<\/td>\n<\/tr>\n<tr>\n<td>Cummins CES 20086<\/td>\n<\/tr>\n<tr>\n<td>ACEA E7<\/td>\n<\/tr>\n<tr>\n<td>ACEA E9<\/td>\n<\/tr>\n<\/tbody>\n<\/table>\n<\/div>\n<p>&nbsp;<\/p>\n<h2>Propiedades y especificaciones<\/h2>\n<div class=\"table-responsive\">\n<table class=\"table table-striped\">\n<tbody>\n<tr>\n<td><strong>Propiedad<\/strong><\/td>\n<td><\/td>\n<\/tr>\n<tr>\n<td>Grado<\/td>\n<td>SAE 5W-40<\/td>\n<\/tr>\n<tr>\n<td>Viscosidad cinem\u00e1tica @ 40 C, mm2\/s, ASTM D445<\/td>\n<td>84<\/td>\n<\/tr>\n<tr>\n<td>Viscosidad cinem\u00e1tica @ 100 C, mm2\/s, ASTM D445<\/td>\n<td>13,8<\/td>\n<\/tr>\n<tr>\n<td>Simulador de arranque en fr\u00edo, viscosidad aparente @ -30 C, mPa.s, ASTM D5293<\/td>\n<td>6510<\/td>\n<\/tr>\n<tr>\n<td>Miniviscosimetro giratorio, viscosidad aparente @ -35 C, mPa.s, ASTM D4684<\/td>\n<td>16800<\/td>\n<\/tr>\n<tr>\n<td>Viscosidad a alta temperatura y alto cizallamiento @ 150 C 1&#215;10(6) seg(-1), mPa.s, ASTM D4683<\/td>\n<td>3,8<\/td>\n<\/tr>\n<tr>\n<td>\u00cdndice de viscosidad, ASTM D2270<\/td>\n<td>169<\/td>\n<\/tr>\n<tr>\n<td>Cenizas, sulfatadas, % masa, ASTM D874<\/td>\n<td>1<\/td>\n<\/tr>\n<tr>\n<td>N\u00famero de base total, mgKOH\/g, ASTM D2896<\/td>\n<td>12<\/td>\n<\/tr>\n<tr>\n<td>Punto de fluidez, \u00baC, ASTM D97<\/td>\n<td>-48<\/td>\n<\/tr>\n<tr>\n<td>Punto de inflamaci\u00f3n, copa abierta Cleveland, \u00b0C, ASTM D92<\/td>\n<td>233<\/td>\n<\/tr>\n<tr>\n<td>Densidad, 15,6 C, g\/cm3, ASTM D4052<\/td>\n<td>0,852<\/td>\n<\/tr>\n<\/tbody>\n<\/table>\n<\/div>\n<p>&nbsp;<\/p>\n<h2>Seguridad e Higiene<\/h2>\n<p>Las recomendaciones de salud y seguridad para este producto se pueden encontrar en la Ficha de Seguridad del Material (FDS) @\u00a0<a href=\"http:\/\/www.msds.exxonmobil.com\/psims\/psims.aspx\">http:\/\/www.msds.exxonmobil.com\/psims\/psims.aspx<\/a><\/p>\n<\/div>\n<\/div>\n<div id=\"divTradeMark\" class=\"row\">\n<div class=\"col-12 breakpoints bp-xs bp-sm bp-md bp-lg bp-xl bp-max-xl\">\n<p>Todas las marcas comerciales utilizadas en este documento son marcas comerciales o marcas registradas de Exxon Mobil Corporation o de una de sus subsidiarias a menos que se indique lo contrario.<\/p>\n<p>04-2023<\/p>\n<\/div>\n<\/div>\n<div id=\"divFooter\" class=\"row\">\n<div class=\"col-12 breakpoints bp-xs bp-sm bp-md bp-lg bp-xl bp-max-xl\">Organizaci\u00f3n Terpel S.A.<br \/>\nCarrera 7 N\u00b0 75-51, Bogot\u00e1 \u2013 Colombia<br \/>\n(57) 1 3267878<\/p>\n<div><\/div>\n<p>Las caracter\u00edsticas t\u00edpicas son t\u00edpicas de aquellas obtenidas con la tolerancia de la producci\u00f3n normal y no constituyen una especificaci\u00f3n. Durante la fabricaci\u00f3n normal y en los diferentes lugares de mezcla son esperadas variaciones que no afectan el desempe\u00f1o del producto. La informaci\u00f3n aqu\u00ed contenida est\u00e1 sujeta a cambios sin previo aviso. Todos los productos pueden no estar disponibles localmente. Para obtener m\u00e1s informaci\u00f3n, comun\u00edquese con su representante local de ExxonMobil, o viste\u00a0<a href=\"http:\/\/www.exxonmobil.com\/\">www.exxonmobil.com<\/a><br \/>\nExxonMobil se compone de numerosas filiales y subsidiarias, muchas de ellas con nombres que incluyen Esso, Mobil o ExxonMobil. Nada en este documento est\u00e1 destinado a invalidar o sustituir la separaci\u00f3n corporativa de entidades locales. La responsabilidad por la acci\u00f3n local y la contabilidad permanecen con las entidades locales afiliadas a ExxonMobil.<\/p>\n<\/div>\n<\/div>\n<\/div>\n<\/div>\n<\/div>\n<\/div>\n<p>&nbsp;<\/p>\n<\/div>\n<\/div>\n<\/div>\n<\/div>\n<\/div>\n<\/div>\n<\/div>\n<\/div>\n<\/div>\n<\/div>\n<\/div>\n<\/div>\n","protected":false},"excerpt":{"rendered":"<h1>Balde de\u00a0 18.9L\/5 US Gal<\/h1>\n<h4><label class=\"txt-semibold\">\u00bfPor qu\u00e9 Mobil Delvac 1<span class=\"tm\">\u2122<\/span>\u00a0ESP 5W-40?<\/label><\/h4>\n<p>Es una excelente soluci\u00f3n lubricante para las modernas y m\u00e1s recientes tecnolog\u00edas de motores equipadas con post-tratamiento de emisiones. Proporciona una excepcional fluidez y facilidad de bombeo a baja temperatura. Garantiza un rendimiento excepcional en cuanto al desgaste y apoya una larga vida del motor. La formulaci\u00f3n de bajo contenido de cenizas protege al mismo tiempo todos los dispositivos de post-tratamiento de gases de escape para mantener los requisitos de aire m\u00e1s limpio. El avanzado desempe\u00f1o de limpieza del motor previene los dep\u00f3sitos y mantiene al motor funcionando como nuevo para una larga y eficiente vida.<\/p>\n","protected":false},"featured_media":3694,"comment_status":"open","ping_status":"closed","template":"","meta":[],"product_cat":[109,157],"product_tag":[142,155,154,110],"class_list":["post-3149","product","type-product","status-publish","has-post-thumbnail","hentry","product_cat-mobil-delvac-tm","product_cat-mobil-delvac-1","product_tag-balde","product_tag-flagship","product_tag-importado","product_tag-mobil-delvac-mt"],"jetpack_sharing_enabled":true,"_links":{"self":[{"href":"https:\/\/www.fletxstore.com\/index.php\/wp-json\/wp\/v2\/product\/3149","targetHints":{"allow":["GET"]}}],"collection":[{"href":"https:\/\/www.fletxstore.com\/index.php\/wp-json\/wp\/v2\/product"}],"about":[{"href":"https:\/\/www.fletxstore.com\/index.php\/wp-json\/wp\/v2\/types\/product"}],"replies":[{"embeddable":true,"href":"https:\/\/www.fletxstore.com\/index.php\/wp-json\/wp\/v2\/comments?post=3149"}],"version-history":[{"count":13,"href":"https:\/\/www.fletxstore.com\/index.php\/wp-json\/wp\/v2\/product\/3149\/revisions"}],"predecessor-version":[{"id":3693,"href":"https:\/\/www.fletxstore.com\/index.php\/wp-json\/wp\/v2\/product\/3149\/revisions\/3693"}],"wp:featuredmedia":[{"embeddable":true,"href":"https:\/\/www.fletxstore.com\/index.php\/wp-json\/wp\/v2\/media\/3694"}],"wp:attachment":[{"href":"https:\/\/www.fletxstore.com\/index.php\/wp-json\/wp\/v2\/media?parent=3149"}],"wp:term":[{"taxonomy":"product_cat","embeddable":true,"href":"https:\/\/www.fletxstore.com\/index.php\/wp-json\/wp\/v2\/product_cat?post=3149"},{"taxonomy":"product_tag","embeddable":true,"href":"https:\/\/www.fletxstore.com\/index.php\/wp-json\/wp\/v2\/product_tag?post=3149"}],"curies":[{"name":"wp","href":"https:\/\/api.w.org\/{rel}","templated":true}]}}