{"id":3147,"date":"2023-12-15T23:56:12","date_gmt":"2023-12-15T23:56:12","guid":{"rendered":"https:\/\/tienda.fletx.co\/?post_type=product&#038;p=3147"},"modified":"2024-06-18T20:02:12","modified_gmt":"2024-06-18T20:02:12","slug":"m-delvac-1-go-75w90-pail-15-88kg-35lb","status":"publish","type":"product","link":"https:\/\/www.fletxstore.com\/index.php\/producto\/m-delvac-1-go-75w90-pail-15-88kg-35lb\/","title":{"rendered":"Mobil Delvac 1\u2122 GO 75W90"},"content":{"rendered":"<div class=\"row\">\n<div class=\"col-12 breakpoints bp-xs bp-sm bp-md bp-lg bp-xl bp-max-xl\">\n<div class=\"special-screen-title clearfix\">\n<div class=\"special-screen-title-text\">\n<h1 class=\"strong\">Mobil Delvac 1\u2122 Gear Oil 75W-90<\/h1>\n<p>Mobil commercial-vehicle-lube , Colombia<\/p>\n<\/div>\n<\/div>\n<\/div>\n<\/div>\n<div id=\"divSubTitle\" class=\"row\">\n<div class=\"col-12 breakpoints bp-xs bp-sm bp-md bp-lg bp-xl bp-max-xl\">Lubricante completamente sint\u00e9tico para tren motriz de servicio pesado<\/div>\n<\/div>\n<div id=\"divPDSContent\" class=\"row\">\n<div class=\"col-12 breakpoints bp-xs bp-sm bp-md bp-lg bp-xl bp-max-xl\">\n<h2>Descripci\u00f3n del producto<\/h2>\n<p>Mobil Delvac\u00a01 Gear Oil 75W-90 es un lubricante totalmente sint\u00e9tico para trenes de tracci\u00f3n dise\u00f1ado para satisfacer los m\u00e1s exigentes requisitos en cuanto a garant\u00edas y a intervalos prolongados entre cambios de aceite. Este producto est\u00e1 dise\u00f1ado para usarse en trenes de tracci\u00f3n de servicio pesado que requieren lubricantes de engranajes con excelente capacidad de carga y para situaciones donde se prev\u00e9n presiones extremas y cargas de impacto.\u00a0 Mobil Delvac\u00a01 Gear Oil 75W-90 incorpora aceites base sint\u00e9ticos y aditivos avanzados que proporcionan ventajas significativas en comparaci\u00f3n con los aceites convencionales para engranajes.<\/p>\n<p>La tecnolog\u00eda de \u00faltima generaci\u00f3n del aceite para engranajes Mobil Delvac\u00a01 Gear Oil 75W-90 brinda un excelente desempe\u00f1o, ayuda a proteger contra la degradaci\u00f3n t\u00e9rmica y la oxidaci\u00f3n y contribuye a reducir el desgaste y la corrosi\u00f3n, a mejorar la estabilidad ante el cizallamiento y a extender los per\u00edodos entre servicios de mantenimiento.<\/p>\n<p>&nbsp;<\/p>\n<h2>Propiedades y beneficios<\/h2>\n<p>La tecnolog\u00eda actual, por medio de innovadores dise\u00f1os de los trenes de tracci\u00f3n, ha mejorado enormemente las capacidades de desempe\u00f1o en t\u00e9rminos de carga, torque, velocidad y control de los equipos de servicio pesado que operan en y fuera de la carretera. Estos dise\u00f1os han cambiado e incrementado los requisitos que se esperan de los lubricantes para brindar este mayor nivel de desempe\u00f1o, aumentar la productividad y reducir los costos de operaci\u00f3n. Para las transmisiones finales de servicio pesado, el control de la fricci\u00f3n, la protecci\u00f3n contra el desgaste, la estabilidad t\u00e9rmica, la estabilidad ante el cizallamiento, la prevenci\u00f3n de la oxidaci\u00f3n y de la corrosi\u00f3n y la protecci\u00f3n de los sellos son propiedades que deben balancearse de manera \u00f3ptima para contribuir a prolongar la vida \u00fatil de los engranajes y los sellos, lograr un funcionamiento suave, posibilitar una mejor econom\u00eda de combustible y obtener una capacidad de operaci\u00f3n con altas cargas y altos torques a lo largo de una amplia gama de aplicaciones.<\/p>\n<p>&nbsp;<\/p>\n<p>Los principales beneficios de Mobil Delvac\u00a01 Gear Oil 75W-90 incluyen:<\/p>\n<p>&nbsp;<\/p>\n<div class=\"table-responsive\">\n<table class=\"table table-striped\">\n<tbody>\n<tr>\n<td><strong>Propiedades<\/strong><\/td>\n<td><strong>Ventajas y beneficios potenciales<\/strong><\/td>\n<\/tr>\n<tr>\n<td>Excepcional estabilidad t\u00e9rmica y resistencia a la oxidaci\u00f3n a altas temperaturas<\/td>\n<td>Larga vida \u00fatil de los engranajes y cojinetes debido a la m\u00ednima generaci\u00f3n de dep\u00f3sitos<\/p>\n<p>Larga vida \u00fatil de los sellos<\/td>\n<\/tr>\n<tr>\n<td>Sobresaliente protecci\u00f3n contra el desgaste a bajas velocidades\/altos torques y contra el rayado a altas velocidades<\/td>\n<td>Mayor capacidad de carga.<\/p>\n<p>Ayuda a reducir los costos de mantenimiento y a alargar la vida \u00fatil del equipo<\/td>\n<\/tr>\n<tr>\n<td>Excepcional estabilidad ante los esfuerzos de corte<\/td>\n<td>Ayuda a retener la viscosidad y la resistencia de la pel\u00edcula bajo condiciones de operaci\u00f3n severas para as\u00ed prevenir el desgaste<\/td>\n<\/tr>\n<tr>\n<td>Mejores propiedades de reducci\u00f3n de fricci\u00f3n<\/td>\n<td>Posibilita la mejor\u00eda en el ahorro de combustible y reduce los costos de operaci\u00f3n<\/td>\n<\/tr>\n<tr>\n<td>Sobresaliente fluidez a bajas temperaturas en comparaci\u00f3n con los aceites convencionales<\/td>\n<td>Ayuda a reducir el desgaste y facilita los arranques<\/td>\n<\/tr>\n<tr>\n<td>Buena resistencia a la formaci\u00f3n de espuma<\/td>\n<td>Ayuda a mantener la resistencia de la pel\u00edcula para brindar una lubricaci\u00f3n fiable<\/td>\n<\/tr>\n<tr>\n<td>Compatible con los sellos y empaques automotrices usuales<\/td>\n<td>Fugas m\u00ednimas y menor contaminaci\u00f3n<\/td>\n<\/tr>\n<\/tbody>\n<\/table>\n<\/div>\n<p>&nbsp;<\/p>\n<h2>Aplicaciones<\/h2>\n<p>Transmisiones manuales no sincronizadas, ejes y transmisiones finales de servicio pesado que requieren un desempe\u00f1o API GL-5 y MT-1<\/p>\n<p>\u2022\u00a0 Camiones, autobuses y furgonetas de servicio liviano y pesado de uso en carretera<\/p>\n<p>\u2022\u00a0 Industrias fuera de carreteras, entre ellas: construcci\u00f3n, miner\u00eda, explotaci\u00f3n de canteras y agricultura<\/p>\n<p>\u2022\u00a0 Otras trasmisiones de engranajes industriales de servicio pesado, entre ellas engranajes hipoides y helicoidales, que operan bajo condiciones donde prevalecen altas velocidades\/cargas de impacto, altas velocidades\/torques bajos, o bajas velocidades\/torques altos<\/p>\n<p>&#8211; Mobil Delvac 1 Gear Oil 75W-90 est\u00e1 dise\u00f1ado para llenar inicialmente, rellenar por completo o volver a llenar diferenciales, transmisiones finales y cajas de transferencia.<\/p>\n<p>\u2022\u00a0Se recomienda para equipos tales como engranajes de reducci\u00f3n de malacates y transmisiones de engranajes de propulsi\u00f3n de veh\u00edculos oruga que est\u00e1n expuestos a temperaturas bajas severas<\/p>\n<p>\u2022\u00a0Se recomienda cuando se requieren garant\u00edas prolongadas e intervalos entre servicios de mantenimientos prolongados<\/p>\n<p>\u2022\u00a0 No se recomienda para aplicaciones que requieren un nivel de desempe\u00f1o API GL-4<\/p>\n<p>\u2022\u00a0 No est\u00e1 dise\u00f1ado para usarse en transmisiones autom\u00e1ticas, manuales o semiautom\u00e1ticas para las cuales se recomiendan aceites de motor o fluidos para transmisiones autom\u00e1ticas<\/p>\n<p>&nbsp;<\/p>\n<h2>Especificaciones y aprobaciones<\/h2>\n<div class=\"table-responsive\">\n<table class=\"table table-striped\">\n<tbody>\n<tr>\n<td><strong>Este producto cuenta con las siguientes aprobaciones:<\/strong><\/td>\n<\/tr>\n<tr>\n<td>Dana SHAES 256 Rev C<\/td>\n<\/tr>\n<tr>\n<td>Dana SHAES 429<\/td>\n<\/tr>\n<tr>\n<td>Detroit Fluids Specification 93K219.01<\/td>\n<\/tr>\n<tr>\n<td>HYUNDAI DYMOS<strong>\u00a0<\/strong>P110SS AXLE &#8211; Low Floor Rear Axle<\/td>\n<\/tr>\n<tr>\n<td>Mack GO-J Plus<\/td>\n<\/tr>\n<tr>\n<td>MAN<strong>\u00a0<\/strong>342 Typ M2<\/td>\n<\/tr>\n<tr>\n<td>MB-Approval 235.8<\/td>\n<\/tr>\n<tr>\n<td>Navistar, Inc.<strong>\u00a0<\/strong>MPAPS B-6821<\/td>\n<\/tr>\n<tr>\n<td>SAE<strong>\u00a0<\/strong>J2360<\/td>\n<\/tr>\n<tr>\n<td>Voith Turbo 132.00374401<\/td>\n<\/tr>\n<tr>\n<td>Voith Turbo 132.00374402<\/td>\n<\/tr>\n<tr>\n<td>VOLVO<strong>\u00a0<\/strong>97312<\/td>\n<\/tr>\n<tr>\n<td>ZF<strong>\u00a0<\/strong>TE-ML 05A<\/td>\n<\/tr>\n<tr>\n<td>ZF<strong>\u00a0<\/strong>TE-ML 12L<\/td>\n<\/tr>\n<tr>\n<td>ZF<strong>\u00a0<\/strong>TE-ML 12N<\/td>\n<\/tr>\n<tr>\n<td>ZF<strong>\u00a0<\/strong>TE-ML 16F<\/td>\n<\/tr>\n<tr>\n<td>ZF<strong>\u00a0<\/strong>TE-ML 17B<\/td>\n<\/tr>\n<tr>\n<td>ZF<strong>\u00a0<\/strong>TE-ML 19C<\/td>\n<\/tr>\n<tr>\n<td>ZF<strong>\u00a0<\/strong>TE-ML 21A<\/td>\n<\/tr>\n<tr>\n<td>Siemens Traction Gears GmbH (former Flender Rail)<strong>\u00a0<\/strong>T7302<\/td>\n<\/tr>\n<tr>\n<td>Meritor<strong>\u00a0<\/strong>O-95<\/td>\n<\/tr>\n<\/tbody>\n<\/table>\n<\/div>\n<p>&nbsp;<\/p>\n<div class=\"table-responsive\">\n<table class=\"table table-striped\">\n<tbody>\n<tr>\n<td><strong>Este producto est\u00e1 recomendado para utilizarse en aplicaciones que requieren:<\/strong><\/td>\n<\/tr>\n<tr>\n<td>Eaton PS-163<\/td>\n<\/tr>\n<tr>\n<td>MIL (EE. UU.) MIL-PRF-2105E<\/td>\n<\/tr>\n<\/tbody>\n<\/table>\n<\/div>\n<p>&nbsp;<\/p>\n<div class=\"table-responsive\">\n<table class=\"table table-striped\">\n<tbody>\n<tr>\n<td><strong>Este producto cumple o excede los requisitos de:<\/strong><\/td>\n<\/tr>\n<tr>\n<td>API GL-5<\/td>\n<\/tr>\n<tr>\n<td>API MT-1<\/td>\n<\/tr>\n<tr>\n<td>R. Bosch AS TE-ML 08<\/td>\n<\/tr>\n<tr>\n<td>Aceite de ejes ISUZU<\/td>\n<\/tr>\n<tr>\n<td>Aceite para transmisiones manuales grandes ISUZU<\/td>\n<\/tr>\n<tr>\n<td>Aceite de eje delantero ISUZU LCV<\/td>\n<\/tr>\n<tr>\n<td>Meritor O-76-N<\/td>\n<\/tr>\n<\/tbody>\n<\/table>\n<\/div>\n<p>&nbsp;<\/p>\n<h2>Propiedades y especificaciones<\/h2>\n<div class=\"table-responsive\">\n<table class=\"table table-striped\">\n<tbody>\n<tr>\n<td><strong>Propiedad<\/strong><\/td>\n<td><\/td>\n<\/tr>\n<tr>\n<td>Grado<\/td>\n<td>SAE 75W-90<\/td>\n<\/tr>\n<tr>\n<td>Densidad a 15,6 C, kg\/l, ASTM D4052<\/td>\n<td>0,86<\/td>\n<\/tr>\n<tr>\n<td>Punto de inflamaci\u00f3n, copa abierta Cleveland, \u00b0C, ASTM D92<\/td>\n<td>205<\/td>\n<\/tr>\n<tr>\n<td>Viscosidad cinem\u00e1tica @ 100 C, mm2\/s, ASTM D445<\/td>\n<td>15,0<\/td>\n<\/tr>\n<tr>\n<td>Viscosidad cinem\u00e1tica @ 40 C, mm2\/s, ASTM D445<\/td>\n<td>120<\/td>\n<\/tr>\n<tr>\n<td>Punto de fluidez, \u00b0C, ASTM D97<\/td>\n<td>-48<\/td>\n<\/tr>\n<tr>\n<td>\u00cdndice de viscosidad, ASTM D2270<\/td>\n<td>140<\/td>\n<\/tr>\n<\/tbody>\n<\/table>\n<\/div>\n<p>&nbsp;<\/p>\n<h2>Seguridad e Higiene<\/h2>\n<p>Las recomendaciones de salud y seguridad para este producto se pueden encontrar en la Ficha de Seguridad del Material (FDS) @\u00a0http:\/\/www.msds.exxonmobil.com\/psims\/psims.aspx<\/p>\n<\/div>\n<\/div>\n<div id=\"divTradeMark\" class=\"row\">\n<div class=\"col-12 breakpoints bp-xs bp-sm bp-md bp-lg bp-xl bp-max-xl\">\n<p>Todas las marcas comerciales utilizadas en este documento son marcas comerciales o marcas registradas de Exxon Mobil Corporation o de una de sus subsidiarias a menos que se indique lo contrario.<\/p>\n<p>01-2023<\/p>\n<\/div>\n<\/div>\n<div id=\"divFooter\" class=\"row\">\n<div class=\"col-12 breakpoints bp-xs bp-sm bp-md bp-lg bp-xl bp-max-xl\">Organizaci\u00f3n Terpel S.A.<br \/>\nCarrera 7 N\u00b0 75-51, Bogot\u00e1 \u2013 Colombia<br \/>\n(57) 1 3267878<\/p>\n<div><\/div>\n<p>Las caracter\u00edsticas t\u00edpicas son t\u00edpicas de aquellas obtenidas con la tolerancia de la producci\u00f3n normal y no constituyen una especificaci\u00f3n. Durante la fabricaci\u00f3n normal y en los diferentes lugares de mezcla son esperadas variaciones que no afectan el desempe\u00f1o del producto. La informaci\u00f3n aqu\u00ed contenida est\u00e1 sujeta a cambios sin previo aviso. Todos los productos pueden no estar disponibles localmente. Para obtener m\u00e1s informaci\u00f3n, comun\u00edquese con su representante local de ExxonMobil, o viste\u00a0<a href=\"http:\/\/www.exxonmobil.com\/\">www.exxonmobil.com<\/a><br \/>\nExxonMobil se compone de numerosas filiales y subsidiarias, muchas de ellas con nombres que incluyen Esso, Mobil o ExxonMobil. Nada en este documento est\u00e1 destinado a invalidar o sustituir la separaci\u00f3n corporativa de entidades locales. La responsabilidad por la acci\u00f3n local y la contabilidad permanecen con las entidades locales afiliadas a ExxonMobil.<\/p>\n<\/div>\n<\/div>\n","protected":false},"excerpt":{"rendered":"<h1>Balde de 15.88Kg\/35Lb<\/h1>\n<p>Lubricante totalmente sint\u00e9tico para trenes de tracci\u00f3n dise\u00f1ado para satisfacer los m\u00e1s exigentes requisitos en cuanto a garant\u00edas y a intervalos prolongados entre cambios de aceite.<\/p>\n","protected":false},"featured_media":3721,"comment_status":"open","ping_status":"closed","template":"","meta":[],"product_cat":[109,157],"product_tag":[142,155,154,110],"class_list":["post-3147","product","type-product","status-publish","has-post-thumbnail","hentry","product_cat-mobil-delvac-tm","product_cat-mobil-delvac-1","product_tag-balde","product_tag-flagship","product_tag-importado","product_tag-mobil-delvac-mt"],"jetpack_sharing_enabled":true,"_links":{"self":[{"href":"https:\/\/www.fletxstore.com\/index.php\/wp-json\/wp\/v2\/product\/3147","targetHints":{"allow":["GET"]}}],"collection":[{"href":"https:\/\/www.fletxstore.com\/index.php\/wp-json\/wp\/v2\/product"}],"about":[{"href":"https:\/\/www.fletxstore.com\/index.php\/wp-json\/wp\/v2\/types\/product"}],"replies":[{"embeddable":true,"href":"https:\/\/www.fletxstore.com\/index.php\/wp-json\/wp\/v2\/comments?post=3147"}],"version-history":[{"count":10,"href":"https:\/\/www.fletxstore.com\/index.php\/wp-json\/wp\/v2\/product\/3147\/revisions"}],"predecessor-version":[{"id":3682,"href":"https:\/\/www.fletxstore.com\/index.php\/wp-json\/wp\/v2\/product\/3147\/revisions\/3682"}],"wp:featuredmedia":[{"embeddable":true,"href":"https:\/\/www.fletxstore.com\/index.php\/wp-json\/wp\/v2\/media\/3721"}],"wp:attachment":[{"href":"https:\/\/www.fletxstore.com\/index.php\/wp-json\/wp\/v2\/media?parent=3147"}],"wp:term":[{"taxonomy":"product_cat","embeddable":true,"href":"https:\/\/www.fletxstore.com\/index.php\/wp-json\/wp\/v2\/product_cat?post=3147"},{"taxonomy":"product_tag","embeddable":true,"href":"https:\/\/www.fletxstore.com\/index.php\/wp-json\/wp\/v2\/product_tag?post=3147"}],"curies":[{"name":"wp","href":"https:\/\/api.w.org\/{rel}","templated":true}]}}